{"id":4841,"date":"2020-08-17T16:08:30","date_gmt":"2020-08-17T19:08:30","guid":{"rendered":"http:\/\/energia-solar.com.ar\/?page_id=4841"},"modified":"2021-05-04T13:33:36","modified_gmt":"2021-05-04T16:33:36","slug":"envios","status":"publish","type":"page","link":"https:\/\/www.energia-solar.com.ar\/?page_id=4841","title":{"rendered":"Env\u00edos"},"content":{"rendered":"<p>[vc_row][vc_column][vc_tta_accordion][vc_tta_section title=&#8221;\u00bfQu\u00e9 formas de envio tenemos?&#8221; tab_id=&#8221;1620145781185-2fca501f-626f&#8221;][vc_column_text]<\/p>\n<ul>\n<li>Retiros por nuestros dep\u00f3sitos en Ituzaingo y\/o la reja Buenos Aires<\/li>\n<li>Env\u00edos a AMBA entregas con logistica propia o correo privado.<\/li>\n<li>Env\u00edos al interior por medio de correo privado, encomiendas o transportes de carga.<\/li>\n<\/ul>\n<p>[\/vc_column_text][\/vc_tta_section][vc_tta_section title=&#8221;\u00bfCu\u00e1l es el tiempo de entrega?&#8221; tab_id=&#8221;1620145781199-71f75da4-257d&#8221;][vc_column_text]Var\u00eda seg\u00fan la demanda, en condiciones normales nuestra empresa entrega sus productos dentro de las 24-48 Hs. posteriores de recibido el pago. Lease que estos plazos son para la entrega en Ciudad de Buenos Aires o GBA o transportes que env\u00edan a distintos puntos del pa\u00eds. Si Ud. se encuentra en otras provincias deber\u00e1 sumar el plazo de entrega hasta que el producto llegue a sus manos y depender\u00e1 del transporte a utilizar y la frecuencia del mismo.[\/vc_column_text][\/vc_tta_section][vc_tta_section title=&#8221;\u00bfC\u00f3mo inicio un reclamo?&#8221; tab_id=&#8221;1620145895588-b4578454-0a37&#8243;][vc_column_text]La satisfacci\u00f3n de nuestros clientes es muy importante para nosotros, desde la atenci\u00f3n telef\u00f3nica hasta la entrega del producto, intentamos que el proceso sea confortable para Ud. Si por alguna causa Ud. considera que no ha sido bien atendido o cualquier otro inconveniente que pudiera generarse, por favor env\u00edenos un email a info@energia-solar.com.ar de manera que pod\u00e1mos atender su reclamo en forma inmediata.[\/vc_column_text][\/vc_tta_section][vc_tta_section title=&#8221;\u00bfTienen garantias los equipos?&#8221; tab_id=&#8221;1620145956519-702db1df-989d&#8221;][vc_column_text]SI, es de 2 a\u00f1os para termo tanques solares, 12 meses para inversores, cargadores y 6 meses para bater\u00edas\/ accesorios 7 d\u00edas por defectos de fabricaci\u00f3n. la empresa no se responsabiliza por los da\u00f1os ocasionados por las empresas de transportes de carga (de terceros) la garant\u00eda rige siempre y cuando el equipamiento este bien instalado y sea comprobado por FILLSUN a trav\u00e9s de fotos y\/o videos, para ello deben ser enviadas, posterior a su correcta instalaci\u00f3n. (los gastos de envi\u00f3 por garant\u00edas hasta la empresa cuenta por parte del comprador).[\/vc_column_text][\/vc_tta_section][\/vc_tta_accordion][\/vc_column][\/vc_row]<\/p>\n","protected":false},"excerpt":{"rendered":"[vc_row][vc_column][vc_tta_accordion][vc_tta_section title=&#8221;\u00bfQu\u00e9 formas de envio tenemos?&#8221; tab_id=&#8221;1620145781185-2fca501f-626f&#8221;][vc_column_text] Retiros por nuestros dep\u00f3sitos en Ituzaingo y\/o la reja Buenos Aires Env\u00edos a AMBA entregas con logistica propia o correo privado. Env\u00edos al interior por medio de correo privado, encomiendas o transportes de carga. [\/vc_column_text][\/vc_tta_section][vc_tta_section title=&#8221;\u00bfCu\u00e1l es el tiempo de entrega?&#8221; tab_id=&#8221;1620145781199-71f75da4-257d&#8221;][vc_column_text]Var\u00eda seg\u00fan la demanda, en condiciones normales[&#8230;]","protected":false},"author":1,"featured_media":0,"parent":0,"menu_order":0,"comment_status":"closed","ping_status":"closed","template":"","meta":[],"yoast_head":"<!-- This site is optimized with the Yoast SEO plugin v16.2 - https:\/\/yoast.com\/wordpress\/plugins\/seo\/ -->\n<title>Env\u00edos | Energ\u00eda solar en Argentina- Fillsun<\/title>\n<meta name=\"robots\" content=\"index, follow, max-snippet:-1, max-image-preview:large, max-video-preview:-1\" \/>\n<link rel=\"canonical\" href=\"https:\/\/www.energia-solar.com.ar\/?page_id=4841\" \/>\n<meta property=\"og:locale\" content=\"es_ES\" \/>\n<meta property=\"og:type\" content=\"article\" \/>\n<meta property=\"og:title\" content=\"Env\u00edos | Energ\u00eda solar en Argentina- Fillsun\" \/>\n<meta property=\"og:description\" content=\"[vc_row][vc_column][vc_tta_accordion][vc_tta_section title=&#8221;\u00bfQu\u00e9 formas de envio tenemos?&#8221; tab_id=&#8221;1620145781185-2fca501f-626f&#8221;][vc_column_text] Retiros por nuestros dep\u00f3sitos en Ituzaingo y\/o la reja Buenos Aires Env\u00edos a AMBA entregas con logistica propia o correo privado. Env\u00edos al interior por medio de correo privado, encomiendas o transportes de carga. [\/vc_column_text][\/vc_tta_section][vc_tta_section title=&#8221;\u00bfCu\u00e1l es el tiempo de entrega?&#8221; tab_id=&#8221;1620145781199-71f75da4-257d&#8221;][vc_column_text]Var\u00eda seg\u00fan la demanda, en condiciones normales[...]\" \/>\n<meta property=\"og:url\" content=\"https:\/\/www.energia-solar.com.ar\/?page_id=4841\" \/>\n<meta property=\"og:site_name\" content=\"Energ\u00eda solar en Argentina- Fillsun\" \/>\n<meta property=\"article:publisher\" content=\"https:\/\/www.facebook.com\/fillsun.renovables\/\" \/>\n<meta property=\"article:modified_time\" content=\"2021-05-04T16:33:36+00:00\" \/>\n<meta name=\"twitter:card\" content=\"summary_large_image\" \/>\n<meta name=\"twitter:label1\" content=\"Tiempo de lectura\">\n\t<meta name=\"twitter:data1\" content=\"2 minutos\">\n<script type=\"application\/ld+json\" class=\"yoast-schema-graph\">{\"@context\":\"https:\/\/schema.org\",\"@graph\":[{\"@type\":\"Organization\",\"@id\":\"https:\/\/www.energia-solar.com.ar\/#organization\",\"name\":\"Energ\\u00eda Solar en Argentina\",\"url\":\"https:\/\/www.energia-solar.com.ar\/\",\"sameAs\":[\"https:\/\/www.facebook.com\/fillsun.renovables\/\",\"https:\/\/www.instagram.com\/fillsunenergia\/\"],\"logo\":{\"@type\":\"ImageObject\",\"@id\":\"https:\/\/www.energia-solar.com.ar\/#logo\",\"inLanguage\":\"es-AR\",\"url\":\"https:\/\/www.energia-solar.com.ar\/wp-content\/uploads\/2020\/08\/IMG_20170713_105745.jpg\",\"contentUrl\":\"https:\/\/www.energia-solar.com.ar\/wp-content\/uploads\/2020\/08\/IMG_20170713_105745.jpg\",\"width\":1228,\"height\":921,\"caption\":\"Energ\\u00eda Solar en Argentina\"},\"image\":{\"@id\":\"https:\/\/www.energia-solar.com.ar\/#logo\"}},{\"@type\":\"WebSite\",\"@id\":\"https:\/\/www.energia-solar.com.ar\/#website\",\"url\":\"https:\/\/www.energia-solar.com.ar\/\",\"name\":\"Energ\\u00eda solar en Argentina- Fillsun\",\"description\":\"Paneles fotovoltaicos, termo tanques solares, colectores solares, te asesoramos para el uso de la energ\\u00eda solar\",\"publisher\":{\"@id\":\"https:\/\/www.energia-solar.com.ar\/#organization\"},\"potentialAction\":[{\"@type\":\"SearchAction\",\"target\":\"https:\/\/www.energia-solar.com.ar\/?s={search_term_string}\",\"query-input\":\"required name=search_term_string\"}],\"inLanguage\":\"es-AR\"},{\"@type\":\"WebPage\",\"@id\":\"https:\/\/www.energia-solar.com.ar\/?page_id=4841#webpage\",\"url\":\"https:\/\/www.energia-solar.com.ar\/?page_id=4841\",\"name\":\"Env\\u00edos | Energ\\u00eda solar en Argentina- Fillsun\",\"isPartOf\":{\"@id\":\"https:\/\/www.energia-solar.com.ar\/#website\"},\"datePublished\":\"2020-08-17T19:08:30+00:00\",\"dateModified\":\"2021-05-04T16:33:36+00:00\",\"breadcrumb\":{\"@id\":\"https:\/\/www.energia-solar.com.ar\/?page_id=4841#breadcrumb\"},\"inLanguage\":\"es-AR\",\"potentialAction\":[{\"@type\":\"ReadAction\",\"target\":[\"https:\/\/www.energia-solar.com.ar\/?page_id=4841\"]}]},{\"@type\":\"BreadcrumbList\",\"@id\":\"https:\/\/www.energia-solar.com.ar\/?page_id=4841#breadcrumb\",\"itemListElement\":[{\"@type\":\"ListItem\",\"position\":1,\"item\":{\"@type\":\"WebPage\",\"@id\":\"https:\/\/www.energia-solar.com.ar\/\",\"url\":\"https:\/\/www.energia-solar.com.ar\/\",\"name\":\"Inicio\"}},{\"@type\":\"ListItem\",\"position\":2,\"item\":{\"@id\":\"https:\/\/www.energia-solar.com.ar\/?page_id=4841#webpage\"}}]}]}<\/script>\n<!-- \/ Yoast SEO plugin. -->","_links":{"self":[{"href":"https:\/\/www.energia-solar.com.ar\/index.php?rest_route=\/wp\/v2\/pages\/4841"}],"collection":[{"href":"https:\/\/www.energia-solar.com.ar\/index.php?rest_route=\/wp\/v2\/pages"}],"about":[{"href":"https:\/\/www.energia-solar.com.ar\/index.php?rest_route=\/wp\/v2\/types\/page"}],"author":[{"embeddable":true,"href":"https:\/\/www.energia-solar.com.ar\/index.php?rest_route=\/wp\/v2\/users\/1"}],"replies":[{"embeddable":true,"href":"https:\/\/www.energia-solar.com.ar\/index.php?rest_route=%2Fwp%2Fv2%2Fcomments&post=4841"}],"version-history":[{"count":2,"href":"https:\/\/www.energia-solar.com.ar\/index.php?rest_route=\/wp\/v2\/pages\/4841\/revisions"}],"predecessor-version":[{"id":5144,"href":"https:\/\/www.energia-solar.com.ar\/index.php?rest_route=\/wp\/v2\/pages\/4841\/revisions\/5144"}],"wp:attachment":[{"href":"https:\/\/www.energia-solar.com.ar\/index.php?rest_route=%2Fwp%2Fv2%2Fmedia&parent=4841"}],"curies":[{"name":"wp","href":"https:\/\/api.w.org\/{rel}","templated":true}]}}