{"id":4608,"date":"2024-09-25T15:40:31","date_gmt":"2024-09-25T18:40:31","guid":{"rendered":"http:\/\/energia-solar.com.ar\/?post_type=product&#038;p=4608"},"modified":"2026-02-12T12:26:43","modified_gmt":"2026-02-12T15:26:43","slug":"controlador-sr609c-presurizado","status":"publish","type":"product","link":"https:\/\/www.energia-solar.com.ar\/?product=controlador-sr609c-presurizado","title":{"rendered":"Controlador SR609c para control de temperatura en sistemas presurizados"},"content":{"rendered":"<p>El controlador SR609c se utiliza para visualizaci\u00f3n y activaci\u00f3n del kit el\u00e9ctrico por tiempo o temperatura pre establecida en sistema con termotanque solar presurizado serie TS-HP<\/p>\n<p>El mismo admite desactivar o activar el kit el\u00e9ctrico manualmente as\u00ed como tambi\u00e9n el funcionamiento autom\u00e1tico del mismo.<\/p>\n<p>El controlador se compone de:<\/p>\n<ul>\n<li>Sistema de control digital y visualizaci\u00f3n con display.<\/li>\n<li>Sensor de temperatura con cable incluido (20 mts, extensible hasta 100mts)<\/li>\n<\/ul>\n<p>Tensi\u00f3n de trabajo 220V (no requiere fuente de alimentaci\u00f3n)<\/p>\n","protected":false},"excerpt":{"rendered":"&nbsp;\r\n\r\n&nbsp;","protected":false},"featured_media":5041,"template":"","meta":[],"yoast_head":"<!-- This site is optimized with the Yoast SEO plugin v16.2 - https:\/\/yoast.com\/wordpress\/plugins\/seo\/ -->\n<title>Controlador SR609c para control de temperatura en sistemas presurizados | Energ\u00eda solar en Argentina- Fillsun<\/title>\n<meta name=\"description\" content=\"El controlador SR609 se utiliza para visualizaci\u00f3n y activaci\u00f3n del kit el\u00e9ctrico por tiempo o temperatura en termotanque solar presurizado\" \/>\n<meta name=\"robots\" content=\"index, follow, max-snippet:-1, max-image-preview:large, max-video-preview:-1\" \/>\n<link rel=\"canonical\" href=\"https:\/\/www.energia-solar.com.ar\/?product=controlador-sr609c-presurizado\" \/>\n<meta property=\"og:locale\" content=\"es_ES\" \/>\n<meta property=\"og:type\" content=\"article\" \/>\n<meta property=\"og:title\" content=\"Controlador SR609c para control de temperatura en sistemas presurizados | Energ\u00eda solar en Argentina- Fillsun\" \/>\n<meta property=\"og:description\" content=\"El controlador SR609 se utiliza para visualizaci\u00f3n y activaci\u00f3n del kit el\u00e9ctrico por tiempo o temperatura en termotanque solar presurizado\" \/>\n<meta property=\"og:url\" content=\"https:\/\/www.energia-solar.com.ar\/?product=controlador-sr609c-presurizado\" \/>\n<meta property=\"og:site_name\" content=\"Energ\u00eda solar en Argentina- Fillsun\" \/>\n<meta property=\"article:publisher\" content=\"https:\/\/www.facebook.com\/fillsun.renovables\/\" \/>\n<meta property=\"article:modified_time\" content=\"2026-02-12T15:26:43+00:00\" \/>\n<meta property=\"og:image\" content=\"https:\/\/www.energia-solar.com.ar\/wp-content\/uploads\/2020\/08\/sr609.jpg\" \/>\n\t<meta property=\"og:image:width\" content=\"424\" \/>\n\t<meta property=\"og:image:height\" content=\"430\" \/>\n<meta name=\"twitter:card\" content=\"summary_large_image\" \/>\n<script type=\"application\/ld+json\" class=\"yoast-schema-graph\">{\"@context\":\"https:\/\/schema.org\",\"@graph\":[{\"@type\":\"Organization\",\"@id\":\"https:\/\/www.energia-solar.com.ar\/#organization\",\"name\":\"Energ\\u00eda Solar en Argentina\",\"url\":\"https:\/\/www.energia-solar.com.ar\/\",\"sameAs\":[\"https:\/\/www.facebook.com\/fillsun.renovables\/\",\"https:\/\/www.instagram.com\/fillsunenergia\/\"],\"logo\":{\"@type\":\"ImageObject\",\"@id\":\"https:\/\/www.energia-solar.com.ar\/#logo\",\"inLanguage\":\"es-AR\",\"url\":\"https:\/\/www.energia-solar.com.ar\/wp-content\/uploads\/2020\/08\/IMG_20170713_105745.jpg\",\"contentUrl\":\"https:\/\/www.energia-solar.com.ar\/wp-content\/uploads\/2020\/08\/IMG_20170713_105745.jpg\",\"width\":1228,\"height\":921,\"caption\":\"Energ\\u00eda Solar en Argentina\"},\"image\":{\"@id\":\"https:\/\/www.energia-solar.com.ar\/#logo\"}},{\"@type\":\"WebSite\",\"@id\":\"https:\/\/www.energia-solar.com.ar\/#website\",\"url\":\"https:\/\/www.energia-solar.com.ar\/\",\"name\":\"Energ\\u00eda solar en Argentina- Fillsun\",\"description\":\"Paneles fotovoltaicos, termo tanques solares, colectores solares, te asesoramos para el uso de la energ\\u00eda solar\",\"publisher\":{\"@id\":\"https:\/\/www.energia-solar.com.ar\/#organization\"},\"potentialAction\":[{\"@type\":\"SearchAction\",\"target\":\"https:\/\/www.energia-solar.com.ar\/?s={search_term_string}\",\"query-input\":\"required name=search_term_string\"}],\"inLanguage\":\"es-AR\"},{\"@type\":\"ImageObject\",\"@id\":\"https:\/\/www.energia-solar.com.ar\/?product=controlador-sr609c-presurizado#primaryimage\",\"inLanguage\":\"es-AR\",\"url\":\"https:\/\/www.energia-solar.com.ar\/wp-content\/uploads\/2020\/08\/sr609.jpg\",\"contentUrl\":\"https:\/\/www.energia-solar.com.ar\/wp-content\/uploads\/2020\/08\/sr609.jpg\",\"width\":424,\"height\":430},{\"@type\":\"WebPage\",\"@id\":\"https:\/\/www.energia-solar.com.ar\/?product=controlador-sr609c-presurizado#webpage\",\"url\":\"https:\/\/www.energia-solar.com.ar\/?product=controlador-sr609c-presurizado\",\"name\":\"Controlador SR609c para control de temperatura en sistemas presurizados | Energ\\u00eda solar en Argentina- Fillsun\",\"isPartOf\":{\"@id\":\"https:\/\/www.energia-solar.com.ar\/#website\"},\"primaryImageOfPage\":{\"@id\":\"https:\/\/www.energia-solar.com.ar\/?product=controlador-sr609c-presurizado#primaryimage\"},\"datePublished\":\"2024-09-25T18:40:31+00:00\",\"dateModified\":\"2026-02-12T15:26:43+00:00\",\"description\":\"El controlador SR609 se utiliza para visualizaci\\u00f3n y activaci\\u00f3n del kit el\\u00e9ctrico por tiempo o temperatura en termotanque solar presurizado\",\"breadcrumb\":{\"@id\":\"https:\/\/www.energia-solar.com.ar\/?product=controlador-sr609c-presurizado#breadcrumb\"},\"inLanguage\":\"es-AR\",\"potentialAction\":[{\"@type\":\"ReadAction\",\"target\":[\"https:\/\/www.energia-solar.com.ar\/?product=controlador-sr609c-presurizado\"]}]},{\"@type\":\"BreadcrumbList\",\"@id\":\"https:\/\/www.energia-solar.com.ar\/?product=controlador-sr609c-presurizado#breadcrumb\",\"itemListElement\":[{\"@type\":\"ListItem\",\"position\":1,\"item\":{\"@type\":\"WebPage\",\"@id\":\"https:\/\/www.energia-solar.com.ar\/\",\"url\":\"https:\/\/www.energia-solar.com.ar\/\",\"name\":\"Inicio\"}},{\"@type\":\"ListItem\",\"position\":2,\"item\":{\"@type\":\"WebPage\",\"@id\":\"https:\/\/www.energia-solar.com.ar\/?page_id=3222\",\"url\":\"https:\/\/www.energia-solar.com.ar\/?page_id=3222\",\"name\":\"Tienda\"}},{\"@type\":\"ListItem\",\"position\":3,\"item\":{\"@id\":\"https:\/\/www.energia-solar.com.ar\/?product=controlador-sr609c-presurizado#webpage\"}}]}]}<\/script>\n<!-- \/ Yoast SEO plugin. -->","_links":{"self":[{"href":"https:\/\/www.energia-solar.com.ar\/index.php?rest_route=\/wp\/v2\/product\/4608"}],"collection":[{"href":"https:\/\/www.energia-solar.com.ar\/index.php?rest_route=\/wp\/v2\/product"}],"about":[{"href":"https:\/\/www.energia-solar.com.ar\/index.php?rest_route=\/wp\/v2\/types\/product"}],"wp:featuredmedia":[{"embeddable":true,"href":"https:\/\/www.energia-solar.com.ar\/index.php?rest_route=\/wp\/v2\/media\/5041"}],"wp:attachment":[{"href":"https:\/\/www.energia-solar.com.ar\/index.php?rest_route=%2Fwp%2Fv2%2Fmedia&parent=4608"}],"curies":[{"name":"wp","href":"https:\/\/api.w.org\/{rel}","templated":true}]}}